 of a and 164?
41
Let x(m) = m**2 + 3*m + 2. Let h be x(-4). Let k = 4 - 17. Let a = 5 - k. What is the greatest common factor of h and a?
6
Suppose 4*l + 0*l = -32. Let j(m) = -m + 5. Let x be j(l). What is the highest common factor of 221 and x?
13
Let d = -2105 - -3091. Calculate the highest common divisor of d and 58.
58
Let z(p) = -9*p + 256. Let a be z(25). What is the highest common divisor of 1271 and a?
31
Suppose 0 = 2*c + 2*m - 370, -c + 3*c - 370 = 5*m. Calculate the greatest common factor of c and 5.
5
Let w(f) = 8*f - 3. Suppose -4*u + 10 = 2. Let n be w(u). Calculate the greatest common divisor of 13 and n.
13
Suppose 4*n - 318 = 3*l, -2*n - 5*l - 52 = -224. Calculate the highest common factor of 54 and n.
27
Let n(p) = p - 8*p**3 + 12*p**3 - 7 + 9*p**2 - 5*p**3. Let q be n(9). Calculate the greatest common divisor of q and 5.
1
Let h(y) = y**3 + 28*y**2 - 381*y - 36. Let k be h(-38). Suppose 0 = -2*x + 12 + 16. Calculate the highest common divisor of k and x.
2
Let m be 0/(((-24)/2)/(-4)). Let q be -2 + 3 + (4 - m). Suppose -5*y + 0*s = -2*s - 447, 4*y = q*s + 344. What is the greatest common divisor of 13 and y?
13
Let z(y) = y**3 + 32*y**2 - 28*y + 171. Let n be z(-33). Calculate the greatest common factor of n and 50.
2
Suppose 3*g + 0*q - 6*q = 30, 5*g = -2*q + 26. What is the greatest common divisor of 978 and g?
6
Let t(c) = c - 13. Let q be 36/9*38/8. Let n be t(q). Let m be 3/n + 69/2. What is the highest common factor of 140 and m?
35
Let a be (391/69)/(1/(-30)). Let m be 3*(a/(-15) + (-4)/(-1)). What is the highest common factor of 46 and m?
46
Suppose -12*q = -25 - 911. What is the highest common divisor of 78 and q?
78
Suppose 0 = -4*r - 5*l + 40, r - 41 = -4*r - 4*l. Suppose 0 = -5*u + 20, -7*g = -2*g + r*u - 100. Calculate the greatest common divisor of g and 32.
16
Let n(u) = 2*u**2 + 3*u + 8. Let d be n(-6). Let k be ((-4)/6)/((-1)/(-39)). Let a = k + d. What is the greatest common factor of 4 and a?
4
Suppose 4*n + 319 = 3*i + 44, 0 = 4*i + 5*n - 315. What is the greatest common divisor of i and 1445?
85
Let h(p) be the third derivative of p**4/6 - 5*p**3/6 - 7*p**2. Let f be h(3). Let o = -4 + f. What is the highest common divisor of 27 and o?
3
Let t = -9 + 15. Suppose -6*m = -4*m - t. Let h be 6/m + 47 + 0. Calculate the highest common factor of 7 and h.
7
Let j = 60 - 10. Let p be ((-4)/3)/(12/54). Let r(a) = a**3 + 7*a**2 + 3*a - 8. Let u be r(p). Calculate the highest common divisor of j and u.
10
Let y be 11997/1209 - 2/(-26). Calculate the greatest common divisor of 1090 and y.
10
Let s = -8 - -7. Let j be s + 2 + -2 + (48 - -1). What is the highest common divisor of j and 528?
48
Let p be -2 + 10/4 + (-90)/(-4). Let w = 24 + 45. Calculate the highest common divisor of w and p.
23
Suppose -250 = -2*g + 4*x, 3*g - x = -5*x + 375. Calculate the highest common divisor of g and 825.
25
Suppose y - 154 = -13*y. Suppose -344 = 5*j + 3*c - 940, 2*c = 2*j - 248. Calculate the highest common divisor of j and y.
11
Let o be ((-5)/(-2))/(7/(-98)). Let c = o - -170. Let k(f) = f**3 - 5*f + 3. Let n be k(3). What is the highest common factor of c and n?
15
Let n = 1769 - 705. Calculate the greatest common factor of 14 and n.
14
Let z = 7 - -11. Let w = z + -3. Calculate the greatest common divisor of 120 and w.
15
Let w be 6 - (-2 - (2 - 5)). Suppose 76 = w*m - 124. Let r be 1/(1*(-1)/(-5)). Calculate the highest common divisor of m and r.
5
Suppose 22*c - 352 - 88 = 0. Calculate the greatest common factor of c and 460.
20
Let o = 325 + -221. Suppose -32 = 4*f - 64. Calculate the highest common divisor of f and o.
8
Let x(v) = 25 - v - 12 - 7. Let z be x(-2). Calculate the greatest common divisor of 20 and z.
4
Let p(t) = 4*t**3 - 2*t**2 - t + 2. Let a be p(1). Suppose -5*q = -g + 13, 0 = 4*g + a*q - 11 - 18. What is the highest common divisor of 64 and g?
8
Suppose -5*m = 5, -5*s - 5*m + m = -391. Let p = s - 39. Calculate the greatest common factor of p and 8.
8
Let i(x) = x**2 - x + 5. Let v be i(13). What is the highest common divisor of 138 and v?
23
Let o be 6/(-4)*3/(18/212). Let m = -28 - o. Calculate the greatest common factor of m and 100.
25
Suppose -y + 4*r = 2*y - 130, -5*r + 148 = 3*y. What is the greatest common factor of 736 and y?
46
Let l(v) = -v**3 + 8*v**2 + 9*v + 7. Suppose f + 0*f + 10 = -2*q, f = -3*q - 9. Let h = f + 21. Let r be l(h). What is the highest common divisor of r and 21?
7
Let a be (-7137)/(-26) + (-3)/(-6). Calculate the greatest common divisor of a and 440.
55
Let o(y) = 3*y**2 - 2*y - 4. Suppose 17 = 4*i + 113. Let s be 8/(-28) - i/(-14). Let j be o(s). What is the greatest common factor of 108 and j?
12
Let k(h) = -h + 18. Let y be k(18). Suppose -3*w + y*w + 348 = -4*j, 3*w - j = 357. What is the greatest common divisor of w and 15?
15
Let s(z) = -z**2 + 23*z + 46. Let a be s(22). Let c = a - -23. Calculate the highest common divisor of c and 26.
13
Let w(g) = g + 48. Let r be w(28). Calculate the greatest common factor of 114 and r.
38
Let s = 11 + 5. What is the highest common factor of 256 and s?
16
Let m = 965 + -761. What is the highest common factor of 714 and m?
102
Let t be -4*(-2)/4 - -2. Let r be 30*((-44)/20 + 3). What is the greatest common divisor of r and t?
4
Let j be (12/(-10))/3 - (-6)/15. Suppose j = -p - 3*p + 108. Calculate the greatest common divisor of p and 18.
9
Suppose 0 = -2*i - 2*t + 160, 3*t = i + 16 - 96. Let h = 170 + -86. Let x = h - 74. What is the highest common factor of x and i?
10
Let f(z) = 3*z - 4*z + 19*z**2 - 7*z**2. Let c be f(-2). What is the highest common divisor of 125 and c?
25
Suppose -4*q = 5*u - 15 - 23, -2*u + 2 = -5*q. Suppose m = -2*j + 3, 2*m = 3*m + 5. Calculate the highest common factor of j and u.
2
Let a(x) = x**3 + 3*x**2 + 12*x + 135. Let g be a(0). What is the highest common divisor of g and 783?
27
Let r(v) = v**3 - 7*v**2 + 3*v - 7. Let y be r(7). Let g be (-9)/12 - (-30)/8. Suppose -c - y = -g*c. What is the highest common divisor of c and 14?
7
Let c = 22 + 192. Let j = c - 67. What is the greatest common factor of j and 21?
21
Suppose 5*i = -11 + 31. Let g = i - 2. Suppose -3*j + 5*r + 55 = 2*j, 0 = g*j - 5*r - 31. What is the greatest common divisor of 1 and j?
1
Suppose -3*v = -186 - 3. Suppose -3*t + 2*c = -0*t + 48, 0 = -c - 3. Let u be ((-6)/(-4))/(t/(-84)). What is the greatest common factor of u and v?
7
Suppose 3*u = -0*u + 138. Suppose -1 = 5*h - u. Let m be (h - 2) + 1 + 2. What is the highest common divisor of m and 50?
10
Let z(c) = c + 1. Let k be z(2). Calculate the highest common factor of k and 57.
3
Suppose 0 = -3*z - c + 275, -2*c - 97 = -107. What is the highest common factor of 108 and z?
18
Let v = 203 + -154. What is the highest common divisor of v and 1?
1
Let d = -171 - -271. Calculate the greatest common divisor of 325 and d.
25
Let b = -1366 + 1432. Calculate the greatest common factor of 286 and b.
22
Suppose -3*q + 32 = -p - 47, 4*q = 2*p + 104. Let z be 120*(-3 - q/(-6)). Suppose s = 6*s - z. Calculate the highest common divisor of 4 and s.
4
Suppose 28 = 24*i - 10*i. Suppose -47 - 5 = -i*c. Let t be 37 - (0 - (2 + 0)). Calculate the highest common divisor of t and c.
13
Suppose 2565 = 589*c - 574*c. What is the highest common divisor of 9 and c?
9
Let q be 131 - ((4 + -7 - -3) + 5). Calculate the highest common divisor of q and 14.
14
Suppose -41 + 149 = 3*q. Let h be (-6 + (-78)/(-4))*16/3. What is the greatest common divisor of q and h?
36
Let x(f) = f**2 + 8*f - 5. Let q be x(8). Let l be 1 + (5 - 4) + 4. Let v be q/l + (-2)/(-4). What is the greatest common factor of v and 14?
7
Let m be 88/572 + 672/26. What is the greatest common factor of 182 and m?
26
Let s(v) = v**2 + 4*v - 1. Let w be s(-5). Let i be 2*1*(-176)/(-11). Let r = i + -16. What is the highest common divisor of r and w?
4
Let s = -264 - -480. Let z = -16 + 40. Calculate the highest common factor of z and s.
24
Suppose 2*m + 4*k = 192, 0*k - k - 357 = -4*m. Calculate the greatest common factor of m and 80.
10
Suppose -2*b + 5*a - 1742 = -6*b, -3*a = -4*b + 1758. Calculate the greatest common divisor of b and 1022.
146
Suppose -110*x + 120*x = 560. What is the greatest common divisor of x and 238?
14
Suppose 